 the tens digit of g(a)?
1
Let g(w) = -w**3 - 3*w**2 - w - 5. Let c be g(-3). Let q(f) = -4*f**3 - f**2 + 1. What is the tens digit of q(c)?
2
Let g(y) = 13*y**3 + 9*y**2 - 18*y + 20. What is the hundreds digit of g(6)?
0
Suppose 0 = 4*z + 29 + 7. Let g(s) = 2*s**2 + 3*s - 13. What is the units digit of g(z)?
2
Let a = 35 + -30. Suppose 0 = -2*q + 3*q - 1, -a*s = 4*q - 339. What is the units digit of s?
7
Suppose -9*h = -480 - 186. What is the units digit of h?
4
Let s(l) = l**3 + 10*l**2 - 11*l + 5. Let o be s(-11). Suppose o*f - 135 = -25. What is the tens digit of f?
2
Suppose -5*q - 11510 = -5*i, 9811 - 585 = 4*i + 2*q. What is the hundreds digit of i?
3
Let f(b) = 10*b**2 + b - 7. Suppose 0 = -3*o - 3*n - 12, -2*o - 5 = o - 4*n. What is the tens digit of f(o)?
8
Let r be (18/8)/((-24)/(-64)). Suppose 2*y + d - r = 0, d + 0*d - 21 = -5*y. Suppose 4*w + y*m = 1, 0*m = 5*w + 3*m - 11. What is the units digit of w?
4
Suppose -11*w - 64 - 2 = 0. Suppose -5*x = -32 + 12. What is the tens digit of 1*(x + w) - -43?
4
Let k(x) = -x**3 - 5*x**2 + 9*x - 8. What is the hundreds digit of k(-8)?
1
Let w = -109 + 236. What is the hundreds digit of w?
1
Let i(k) = 2*k**2 - 26*k - 43. What is the tens digit of i(35)?
9
Let i = -67 + 53. What is the tens digit of 2/(-14) + (-450)/i?
3
What is the units digit of 2/6 + (-16101)/54*-4?
3
Suppose 9*l - 332 = -3*p + 8*l, -l = -5*p + 556. What is the hundreds digit of p?
1
Let c(h) = 18*h - 2. Let o be c(5). Let v = -36 + o. What is the tens digit of v?
5
Suppose 3*o - 4*t = -20, 10 = -4*o + 3*t - t. Suppose -3*s + 5*s - 242 = o. What is the units digit of s?
1
Suppose -40 - 72 = 2*p. Let w = -80 - p. Let h = w - -48. What is the units digit of h?
4
Suppose -3*o = -6, -m + 0*m + o + 62 = 0. Let u = m - 36. Let n = u - 11. What is the tens digit of n?
1
Suppose -16 + 506 = 5*x. What is the units digit of x?
8
Let f = 3 + -2. Let s(g) = -3*g**2 + 2*g - 1. Let t be s(f). Let i(h) = -2*h - 1. What is the units digit of i(t)?
3
Let h(y) = -y**2 + 42*y - 54. What is the tens digit of h(27)?
5
Let b = -404 - -717. What is the units digit of b?
3
Let t = -341 - -336. Let n(w) = -5*w**2 - 9*w - 7. Let u(l) = 6*l**2 + 10*l + 6. Let b(o) = -5*n(o) - 4*u(o). What is the units digit of b(t)?
1
Let u(l) = -31 + l + 27 + 10*l. What is the units digit of u(3)?
9
Suppose -2*d - 6 = -5*d. Suppose 5*i + 10 = 0, -2*j = d*i - 0*i - 278. What is the units digit of j?
1
Let m be 1 - 0 - (13 + -14). Suppose -o + m*g = -9, -2*o + 3*g + 14 = -2*g. What is the tens digit of o + 4/(3 - -1)?
1
What is the hundreds digit of 3/1 - -1 - (-368 - -1)?
3
Suppose -3*n + n = -4*g + 6, 2*n = -4*g + 26. Suppose 0*u - 3*q = -2*u + 32, n*q + 90 = 5*u. What is the units digit of u?
2
Let k = 2722 + 2693. What is the hundreds digit of k?
4
Let y(p) = -495*p**2 - p + 1. Let n be y(-1). Let h = n + 738. What is the hundreds digit of h?
2
Let u = -1121 + 1736. What is the tens digit of u?
1
Suppose 5*u - 2*u - 1515 = 0. What is the units digit of u?
5
Let i(a) = -a + 51. What is the units digit of i(-4)?
5
Suppose 29 = 3*k + 11. Let a be (-2)/1*(-3)/k. Suppose -b - a = h - 8, 5*h - 4*b = -1. What is the units digit of h?
3
Suppose -6*y + 7*y - 142 = -3*j, 4*j - 4*y = 184. What is the tens digit of j?
4
Suppose -3*y + 10 = -26. Suppose 5*w = h + 16, -2*h + w = -4*h + y. Suppose -52 = -h*g - 8. What is the units digit of g?
1
Let u be (17 - -3)/(-2 + 3). Suppose c = 3*c - u. What is the units digit of c?
0
Suppose -5*k - 2 = -17. Suppose -20 = -g - k*g. Let r = 22 - g. What is the units digit of r?
7
Let a(w) = 6 - 2*w**3 - 5 - 18*w**2 + 3*w**3. What is the units digit of a(18)?
1
Let w be (8 - 3)*1/1. Suppose y = w*y. Suppose 3 = -y*s + 3*s, 5*u - 98 = -3*s. What is the units digit of u?
9
Let y(a) = -6*a. Let j be y(2). Suppose i + 53 = 2*s - 29, i = -3*s - 82. Let l = j - i. What is the tens digit of l?
7
Let y be 2/3 - (-489)/9. Let l be y + (2 - 0 - 0). Suppose 4*k - 6*w = -w + l, 54 = 4*k - 2*w. What is the units digit of k?
3
Let z = 267 + -104. What is the units digit of z?
3
Let f be ((-2)/5)/((-3)/15). Let b be (70/f + 3)*-1. Let s = 69 + b. What is the units digit of s?
1
What is the tens digit of (4 - -489) + (-3 - -6 - -1)?
9
Suppose 5*u - 2*s - 6460 = 2*s, 4*u + 4*s - 5204 = 0. What is the thousands digit of u?
1
Suppose p = 3 - 1. Let s(g) = g**3 - 13*g**2 + 22*g + 12. Let b be s(11). Suppose f = p*f - b. What is the units digit of f?
2
Suppose z = -4*z - 3*c + 1957, -1179 = -3*z + 3*c. What is the tens digit of z?
9
Suppose -3*t = x - 4457, -13378 = -9*x + 6*x - 2*t. What is the thousands digit of x?
4
Let o(m) = -m**3 - 10*m**2 - 13*m - 6. Let i(y) = 2*y**3 + 11*y**2 + 14*y + 5. Let u(c) = -2*i(c) - 3*o(c). Let l = 32 - 23. What is the units digit of u(l)?
6
Let n(m) = -m**3 + 9*m**2 + 34. What is the tens digit of n(7)?
3
Suppose -30*i = -35*i - 1560. Let w = -212 - i. What is the hundreds digit of w?
1
Suppose i = -3 - 0. Let m be (i/(-15))/(1/15). Suppose r = -m*n + 130, -4*r = 2*n - 62 - 38. What is the tens digit of n?
4
Suppose -3*f + 3249 = -0*f + 3*c, -3261 = -3*f + 3*c. What is the thousands digit of f?
1
Let j(k) = -k**3 + 3*k**2 + 5*k. Let y be j(4). Suppose -x - y*x + 10 = 0. What is the tens digit of ((-81)/15)/(x/(-10))?
2
Let a = 7 + -13. Suppose -d + 190 = -3*r, 2*r + 2*d - 60 = 3*r. What is the units digit of (r/(-12))/(a/(-9))?
8
Let k(o) = -187 + 62 - 100*o + 54 + 55. What is the units digit of k(-2)?
4
Let d(s) = -s**3 + 2*s - 1. Let g be d(2). What is the units digit of 69 - (-3 + -5 - g)?
2
What is the hundreds digit of -7 + 10 + -7 + 406?
4
Let o be 2/(-12) - 11429/(-66). Suppose -5*q = -5*u - 175, -4*u - 65 = 4*q - o. What is the tens digit of q?
3
Suppose -730 = -2*s - 3*q, -2*s - 3*q + 722 = 2*q. What is the tens digit of s?
7
Suppose 68*b - 48*b - 57160 = 0. What is the thousands digit of b?
2
Suppose 0 = x - 4*x. Suppose -w - 2*p + 22 = x, -w - 38 = -3*w - p. Suppose -74 + w = -4*j. What is the tens digit of j?
1
Suppose 0 = 36*a - 27*a - 12672. What is the hundreds digit of a?
4
Suppose -5*m + 2749 + 5381 = 0. What is the hundreds digit of m?
6
Let h = 7 - 8. Let k = 8 + h. Suppose -5*u = -k - 83. What is the units digit of u?
8
Let z(b) = 141*b**2 + 10*b - 3. What is the hundreds digit of z(-4)?
2
Let o be 2*(-1 - -4 - 3/2). Suppose o*x = -264 + 669. What is the hundreds digit of x?
1
Suppose -2*p = 4*l - 14, 5*p = -l + 4*l + 9. Suppose -4*n + 652 = 2*g, 3*n - p*g - 325 = 155. What is the hundreds digit of n?
1
Suppose 0 = -5*q + 5*b + 550, -3*q + 0*q = 5*b - 338. What is the units digit of q?
1
Let u = -1 - -8. Let d = 56 - 34. What is the units digit of u*2 - d/(-11)?
6
Let n = -8 - -10. Suppose 5*k + 841 - 92 = 4*r, 0 = -n*r - k + 385. What is the units digit of r?
1
Let t(l) = 7*l**3 - 10*l**2 + l + 15. What is the hundreds digit of t(5)?
6
Let r(l) = -25*l**3 - l. Suppose -4*t + 4 = 0, -3*c - 2*c - 3 = 2*t. Let j be r(c). Suppose -3*z - j = -2*f + 2*z, 5*f - 119 = -z. What is the units digit of f?
3
Suppose 5*z - 4*n - 9 = 0, 2*z = -2*n - 3*n - 3. Let h be (0/3*z)/(-2). Suppose h = f - 4*t + 9, 20 = 4*t + t. What is the units digit of f?
7
Let t(w) = w**2 - 12*w + 9. Let v be t(11). What is the units digit of (-6 + v)/(-2)*5?
0
Let u(r) = r + 8. Let n be u(-4). Suppose 64 = -d - d - 5*c, n*c = 2*d + 28. What is the units digit of d/(-4) - 21/(-14)?
7
Suppose -u = 15 + 10. Let l = u + 79. What is the units digit of l?
4
Let s = 87 + -38. Suppose -89 - s = -3*j. What is the units digit of j?
6
Let k(t) = t**3 + 5*t**2 + 5*t + 1. Let v be k(-4). Let r(y) be the first derivative of -y**4/4 - 5*y**3/3 - 7*y**2/2 - y - 4. What is the units digit of r(v)?
2
Let u(x) = -5*x - 19. Let a be u(-14). Suppose 4*m + 20 = 0, 3*l - 5*m - a = -14. Let k = 6 - l. What is the units digit of k?
2
Suppose -2*n - 4*m = -1590, -m = -0*m + 3. What is the hundreds digit of (3 - 0 - 1)/(6/n)?
2
Suppose 68*b + 192827 = 484887. What is the thousands digit of b?
4
Let n(k) = 10*k + 4. Let p(o) = o**3 + 9*o**2 - 6*o - 21. Let j be p(-9). Let a = j + -29. What is the tens digit of n(a)?
4
Suppose 0 = 6*d - 30 - 0. Suppose 4*b - d*b - 210 = 0. What is the tens digit of b/(-12) - (-2)/(-4)?
1
Let v = 4555 - 1895. What is the units digi